ber?
True
Suppose 21 = -6*b - b. Is b/(-3)*(-844)/(-4) composite?
False
Let t(v) = 27*v**2 - 21*v + 7. Is t(12) a composite number?
False
Suppose -2*a + 7*a + 2250 = 0. Let r = a - -965. Is r a prime number?
False
Let l = 19 - 15. Suppose -v + 342 = -l*r, 3*v - 1026 = 5*r - 2*r. Suppose 0*q + v = 6*q. Is q a composite number?
True
Let p = 0 - -2865. Suppose -4*x = x - p. Is x a prime number?
False
Let z = -241622 - -365881. Is z prime?
False
Is (2 + 1)/((-72)/(-62616)) prime?
True
Suppose -2*p + 5*c = -32, -4*p - 5*c = -0*c - 4. Suppose -3*o + 2*t + p = -1, -5*o = -t - 21. Suppose -g + l - 6*l = -332, 1373 = 4*g + o*l. Is g prime?
True
Let d = -202 + 97. Suppose 0 = -3*n + l - 38, -2*n = 2*n + 3*l + 68. Let r = n - d. Is r prime?
False
Let y(t) = -6*t**3 - 5*t**2 + 11*t + 23. Is y(-11) prime?
True
Is (-12)/90*-15905*(1 - -2) composite?
True
Suppose 9*d - 5*d = 74972. Is d composite?
False
Suppose o = -2*l - 2*l - 627, 168 = -l + 2*o. Let u = -286 - l. Let m = u - -193. Is m prime?
False
Let w(h) = -h**3 - 3*h**2 + 3. Let g be w(0). Suppose 2*t = -g*t + 7330. Is t a composite number?
True
Is (2 + (-1)/2)*(-277218)/(-27) composite?
False
Suppose 3*v - 2*o = -2*v + 1061, -2*v + 2*o + 428 = 0. Is v a prime number?
True
Let m = -66146 - -105805. Is m a prime number?
True
Let u = -942 - -409. Let p = 940 + u. Is p a composite number?
True
Let s = -16492 + 55199. Is s composite?
False
Let v(u) = 404*u**2 - 3*u - 4. Let r(a) = 403*a**2 - 3*a - 3. Let o(h) = 7*r(h) - 6*v(h). Is o(1) a composite number?
False
Let o(v) = 94*v**3 + 4*v - 3. Suppose -x = y + 4, 0 = 2*y - 0*y + 10. Is o(x) a prime number?
False
Is (-4)/((-11)/(1596056/32)) a prime number?
False
Suppose 194983 = 13*f - 84920. Is f composite?
True
Let g = 20 - 24. Is (835/(-10))/(g/8) a composite number?
False
Let b = -5689 - -8138. Is b a composite number?
True
Suppose -3*f = 5*f + 24. Let b(x) = -2*x**3 + 4*x**2 + 7*x + 2. Is b(f) prime?
True
Let u(c) = c**2 - 8*c + 10. Let f be u(7). Let v be (-692)/3*f/(-2). Suppose 0 = -r + 6*r + z - v, -5*r + 2*z + 343 = 0. Is r prime?
False
Suppose -14*a + 19*a + 1865 = 0. Let y = a + 800. Is y composite?
True
Suppose -7*h - 18 = 5*d - 9*h, 5*d - 3*h + 17 = 0. Let f(n) = -107*n + 15. Is f(d) composite?
False
Let z be 27/12 - (-2)/(-8). Let d(m) = 120*m**2 - m - 2. Let w be d(z). Let u = w - 277. Is u a composite number?
False
Let p(v) = -v**3 - 3*v**2 + 10*v + 7. Let c = 23 - 19. Suppose -3*t + 12 = -7*t - c*f, 15 = -4*t - 3*f. Is p(t) a composite number?
True
Suppose 0 = 3*d - 337 - 302. Is d a composite number?
True
Suppose -7*z + 8860 = -2*z. Let k(g) = -g**2 - 8*g + 157. Let v be k(9). Suppose -z = -v*h + 1392. Is h prime?
False
Let a = -1801 + 2870. Is a a prime number?
True
Is 2921 - -2 - (-72)/18 prime?
True
Let w be (-3)/(45/(-10))*1197. Let f be w/209 + 2/11. Suppose -2*v + 4*v - 77 = -k, -f*k = -5*v - 321. Is k a prime number?
True
Let t(u) = 53*u + 19. Let k be t(-5). Is (0 + k/(-10))*5 a prime number?
False
Let v = 0 + 0. Let y(b) = b**3 + 2*b**2 - b. Let w be y(v). Suppose 3*t + 28 - 223 = w. Is t composite?
True
Let l = 9862 + -3797. Is l a prime number?
False
Let q be 2/(-11) - 93/33. Let c be q/12 + 10491/12. Suppose -3*b + 2*d - d = -c, 5*d - 25 = 0. Is b a prime number?
True
Let m = 2 - -5. Suppose 4*s + 1450 = 2*x, -2*s - m = 1. Is x a composite number?
True
Suppose 33*a + 75733 = 391576. Is a composite?
True
Let z(d) = 11*d - 2*d**2 + 47 - d**3 - 2*d - 52. Is z(-8) prime?
True
Let c(p) = 16*p**2 + 10*p + 13. Let g be 3/(-30)*2 - (-122)/10. Is c(g) a composite number?
False
Suppose 3*x - 5 = -8. Let f be x + 3 + -2 + 5. Suppose -5*u = f*k - 475, -5*k + 447 = u - 3*u. Is k prime?
False
Let o(g) = -90*g**3 - 2*g**2 - 5*g + 1. Let r(u) = 7*u - 16*u + 8*u. Let s(i) = -o(i) + 5*r(i). Is s(1) a composite number?
True
Let d = 3480 + 1149. Is d a composite number?
True
Suppose 0 = 16*k - 19*k + 33171. Is k prime?
True
Suppose 1662 + 942 = -7*d. Let m = d - -745. Is m a prime number?
True
Is ((-67458)/21)/((-22)/77) prime?
True
Let y = -20200 - -32427. Is y a prime number?
True
Suppose 6*q = -4*d + 2*q - 1244, 937 = -3*d - 5*q. Let z = 842 + d. Is z composite?
True
Suppose 3*b + 4*h - 9 = 0, -4*b + 2*h + 12 = -0*b. Suppose v = -b*o - 18, 2*v - 3*v - o = 10. Is 744/15 - v/(-10) a composite number?
True
Let f = 35 + -46. Let v(y) = 19*y**2 - 22*y - 20. Is v(f) a composite number?
False
Let i(s) be the third derivative of 331*s**4/24 - s**3/3 - 9*s**2. Is i(3) a prime number?
True
Let y = -25 - -28. Suppose 0 = -y*t + 5*r + 1072 + 4834, -3*r = 4*t - 7923. Is t composite?
True
Suppose -41809 - 8167 = -8*a. Is a composite?
False
Suppose 4*v - 22 = 10. Let i be (-4)/((v/(-59))/(-4)). Let l = i + 245. Is l prime?
True
Let b(p) = 4*p**2 + 3*p + 1. Let l(q) = -q + 22. Let t be l(12). Suppose -3*i + 2 = 2*h - 0, -5*h - 5*i + t = 0. Is b(h) a composite number?
True
Let t(l) be the first derivative of 3/2*l**2 - 11 + 2*l**3 - 3*l - 1/2*l**4. Is t(-5) a composite number?
True
Let j(k) = -6*k**3 - 2*k**2 + 14*k + 31. Is j(-6) a composite number?
False
Let q(b) = b**2 + 13*b - 9. Let p(m) = -2*m**2 - 12*m + 10. Let v(x) = -4*p(x) - 3*q(x). Let z be (7/4)/(1/4). Is v(z) a composite number?
True
Suppose 2*g - 2444 = p - 87, -g + 4*p + 1189 = 0. Is g composite?
True
Suppose -2*k - 2*g = -31268 - 32262, 5*g - 63536 = -2*k. Is k prime?
False
Let q(l) = l + 2. Let i be q(-1). Let z be (0 - i)/(-1*1). Is 0 + 77 - 3/z a prime number?
False
Suppose 0 = -28*m + 23*m + 405. Suppose 0 = 4*q - 2*w - 2336, -3*q - m + 1851 = 3*w. Is q prime?
False
Let i = 18910 + -10949. Is i composite?
True
Suppose 3*w + 5*i - 10 = 3*i, 4*i = w - 8. Suppose -w*f = -4*p - 5*f + 24, -5*f + 25 = p. Suppose -2*s = p*z - 986, -z = s + 3*z - 487. Is s a prime number?
True
Let w(j) = -j**2 - 6*j - 4. Let s be w(-3). Suppose -222 = t - s*t + 2*m, -m = 5. Is t a prime number?
True
Suppose 3*u - 4*u + 900 = 4*l, 4*l - 5*u = 900. Let o = l - 18. Suppose 4*v + 3*k - 876 = 7*k, 0 = -v + 4*k + o. Is v prime?
True
Let w = 102 + 2259. Is w prime?
False
Let z(j) = -439*j**2 - 4*j - 1. Let f(u) = 878*u**2 + 9*u + 2. Let r(n) = -3*f(n) - 7*z(n). Is r(-1) a composite number?
False
Suppose -q + 3616 = -5*j + 1160, -3*j = -3*q + 7380. Let g = q + -1494. Is g a composite number?
False
Suppose 0*w + 1010 = -5*w. Let q = 56 - w. Let p = q + -39. Is p a composite number?
True
Let d(y) = 79*y - 8. Suppose 2*b + g - 11 = 0, -3*b - g + 18 = -0*b. Is d(b) a prime number?
False
Let x(w) = -w**2 - 4*w + 4. Suppose b + 2 = 4*y + 5, -b + 2*y - 1 = 0. Let z be x(b). Is (1/2*-278)/z a composite number?
False
Let f = 4 + -1. Suppose 0 = y + 5*n - 3, 3*y = 2*y - 3*n + f. Suppose -160 - 116 = -2*t - 2*i, -y*i = 4*t - 557. Is t composite?
True
Suppose -4*g = -20, 1 = -5*t + 4*g + 6. Suppose 11 - 1 = -5*v, 0 = j - t*v - 1059. Is j a prime number?
True
Suppose 4*u - 3*f = 11, 4*f + 3 = 2*u - 5. Suppose 4*j - 208 = -u*k, -2*k + 166 = 5*j - 93. Is j a prime number?
False
Suppose -5*n - 84 = -4. Let m = -12 - n. Suppose 781 = 2*p + 3*p - c, 5*p - m*c - 769 = 0. Is p composite?
False
Let l be (-213 + 4/1)*-1. Suppose -4*j - 8 = 0, -4*f + 2*j + l = -1863. Is f a composite number?
True
Let g be (-5 + -1)/(3/2). Let j(p) = p**2 - 34*p + 44. Let z be j(30). Is 1 - (-3 - z/g) a prime number?
True
Let b(t) = t - 10. Let g be b(4). Is (-3 + -79)/(g/33) prime?
False
Let t be ((-204)/(-20))/(1/(-5)). Let a be (-2)/(-8) + t/12. Is (a/8*-634)/1 a composite number?
False
Let f(d) = d**2 + 11*d - 2. Let l = -5 + 3. Let h be l/(3*2/45). Is f(h) a composite number?
True
Let u = 9 - 4. Suppose 5283 = 4*l + u*l. Is l a composite number?
False
Let s(l) be the second derivative of l**5/10 - l**4/6 + l**3/6 - 3*l**2/2 + 4*l. Let x be s(3). Suppose x + 119 = 5*z. Is z a composite number?
False
Suppose -16*r + 172 = -22276. Is r a composite number?
True
Let z = -29 + 17. Let q = z + 9. Is q - (-2 + -10)*5 prime?
False
Let v(q) = 4*q + 3*q**3 - 6 - 3*q**2 - q**3 - 5*q**2 + 2*q. Is v(5) prime?
False
Let k(g) = 7*g**2 + 4*g + 2. Let n be ((-9)/36)/(2/(-56)). Let w be (7 - n) + -3 + 0. Is k(w) a prime number?
True
Suppose 14*m + 171881 = 970399. Is m a composite number?
False
Suppose 3*q - 1608 = -3*i, 0 = 4*i - i + 2*q - 1611. Suppose -154 + i = 5*j. I